 + 24. What is the tens digit of (c - 7 - -7)*17?
5
Suppose -9 = -3*k - 0, -18 = -4*d - 2*k. Suppose -23 = 2*c - 9. What is the tens digit of 20/d*(-21)/c?
2
Let k(h) = -2 - 22*h**3 + 21*h**3 + 0*h - 8*h**2 - h. Let d be k(-7). Let o = 82 + d. What is the tens digit of o?
3
Suppose -20 = 7*o - 2*o. What is the tens digit of (28/12)/(o/(-24))?
1
Let x = 3212 + -2209. What is the tens digit of x?
0
Suppose 12*n - 597 + 9 = 0. Suppose 105 = x - n. What is the units digit of x?
4
Let b = -312 - -591. What is the units digit of b?
9
Let v(a) = 5*a + 1. Let z(s) = -4*s. Let j(t) = 6*v(t) + 5*z(t). Let c be j(3). What is the tens digit of (-1 + 5)/(6/c)?
2
Suppose 2*o = -o + 12. Let a(f) = 6 + f**2 + 6*f - 4 + 2*f**2 + o. What is the units digit of a(-4)?
0
Suppose -7*m = -4071 - 3622. What is the tens digit of m?
9
Let t(x) = 2*x**2 + 26*x + 4. What is the units digit of t(-18)?
4
Let u(s) = 17*s + 39. What is the tens digit of u(20)?
7
Let m(j) = 2*j - 7. Let h be m(6). Suppose 0 = b + q - 19 - 41, -15 = h*q. Suppose -5*u = -y + b, 4*y + 5*u - 23 = 3*y. What is the units digit of y?
3
Suppose -4*m = 2*n - 5616, 0*n - 4218 = -3*m - 3*n. What is the tens digit of m?
0
Suppose -54 = -m + 70. Let j = m - -58. What is the hundreds digit of j?
1
Let a = 0 - -80. Suppose 3*y = -73 - a. Let q = 88 + y. What is the units digit of q?
7
Let a(m) = -41*m + 16. Let o be a(-4). Suppose -u = -o - 13. What is the units digit of u?
3
What is the units digit of (-1)/((-2)/671)*2?
1
What is the units digit of ((-89514)/(-24))/(9/12)?
3
Let c = 949 + -672. What is the tens digit of c?
7
Let c = 3136 - 1706. What is the hundreds digit of c?
4
Let u(s) = -13*s + 36. What is the units digit of u(-2)?
2
Let t = -28 - -48. Suppose 0 = 4*f - 4*x - 28, -4*x - t = -2*f - f. What is the units digit of f?
8
Let t be (-5)/2*(-8)/5. Suppose 3*k - 220 = t*c, k - 4*c - 84 = -0*c. What is the units digit of k?
8
Suppose -2*z + 2 = d, -7*d + 4*z = -3*d - 20. Suppose d*j - 53 = -1. Suppose j = -3*m + 67. What is the units digit of m?
8
Let c = 42 + -38. Let l(h) = h**3 - 9*h**2 + 4*h + 12. Let j be l(11). Suppose -3*f + 128 = -c*a, 5*a = 5*f - j + 88. What is the tens digit of f?
4
Let b(y) = -4*y + 10. Suppose -3*j + 4*f - 13 = -0, j + 3*f = -13. Let o be b(j). Suppose -4 + o = 2*p. What is the units digit of p?
7
Let o(n) = -20*n**3 + n + 4. Let j(i) = -4*i - 58. Let c be j(-14). What is the tens digit of o(c)?
6
Let j = 2003 + -780. What is the hundreds digit of j?
2
Suppose 3*o = -a + 5787, -2*a + 11575 = 25*o - 20*o. What is the units digit of a?
0
Suppose 445 = 3*k - 5*x, -3*k + x = -343 - 94. Let o = 257 - k. What is the units digit of o?
2
Suppose -9*i + 14 = -2*i. Suppose -5*f - 125 = -5*z, -6*z + 5*f + 97 = -i*z. What is the units digit of z?
8
Suppose -1 = i - 5, 14 = -2*h - 2*i. Let l(q) = -13*q - 52. What is the tens digit of l(h)?
9
Let u(p) = p**3 + 7*p**2 + 2*p + 4. Let g be u(-4). Let b = g - -3. What is the units digit of b?
7
What is the tens digit of 364/18 - 16/72?
2
Let r = -105 + 191. Suppose -v + r + 155 = -5*g, -2*v + 438 = g. What is the tens digit of v?
2
Let i(y) be the second derivative of -11*y**3/6 + y**2/2 - 3*y. Let n(t) = 23*t - 3. Let v(w) = -7*i(w) - 3*n(w). What is the tens digit of v(3)?
2
Let r(k) = -45*k - 30. What is the tens digit of r(-4)?
5
Suppose -1 - 4 = 5*s. Let i be 60/8*10 + s. Suppose -4*w + i = 2. What is the units digit of w?
8
Let u be 3/(-1 + (-2 - -2)). Let g be -2 + (-3 - 96/u). What is the units digit of (-36)/(3 - g/6)?
4
Let h(v) = -4*v + 35. Let y be h(6). Suppose y*u = 16*u - 375. What is the units digit of u?
5
Let o(f) = -3*f + 0*f**2 - f**2 + 5*f + 2*f**2 - 7. What is the units digit of o(-4)?
1
Suppose -47*y + 4993 = 5*d - 43*y, -4*d - 4*y + 3996 = 0. What is the hundreds digit of d?
9
Let n(t) = -47 + 0*t - 5*t + 5. What is the tens digit of n(-17)?
4
Let s(w) = -w + 1. Let d(o) = o**2 - 14*o + 5. Let c(a) = -d(a) + 5*s(a). What is the units digit of c(7)?
4
Suppose 0 = -4*l - 5*y + 1234, -4*y + 0*y = -l + 298. What is the units digit of l?
6
Suppose -2*i - i - 4*u = 1, 10 = 5*u. Let f = i + 3. What is the tens digit of (23 + f)*6/6?
2
What is the tens digit of 74/(4*-1 + (-1000)/(-248))?
9
Let o(b) = b**2 + 10*b - 9. Let f be o(-8). Let u = f + 24. What is the units digit of (u*4)/((-1)/8)?
2
Suppose -587 = -b + 4*t, -19*b + 15*b = 4*t - 2448. What is the tens digit of b?
0
Suppose 2*n - 3*k + 0*k = 640, 3*n - 4*k - 959 = 0. What is the tens digit of n?
1
Let q = -12 - -10. Let i be ((-24)/20)/(q/5). Suppose 2*j + v - 47 = 19, -i*j = 4*v - 94. What is the tens digit of j?
3
Let g(h) = -10 + 10 + 2*h**2 - 6*h - 10. What is the units digit of g(7)?
6
Suppose 0 = 7*h - 203 - 357. What is the tens digit of h?
8
Suppose 0 = 5*w + 2*p - 2335, -4*w + 2*p = -1089 - 779. What is the hundreds digit of w?
4
What is the hundreds digit of (-29 - 2)*(-165)/(6/2)?
7
Suppose 0 = -3*c + 4*c - 6. What is the units digit of (40/(-3))/((-2)/c)?
0
Suppose -3*w + 482 = -844. Let a = w - 92. Suppose 3*x + 4*x - a = 0. What is the units digit of x?
0
Let o(h) = h**3 + 5*h**2 - 5*h - 9. Suppose 3*p = 0, -3*f - 12 = -f + 3*p. Let g be o(f). What is the tens digit of 65*(-3 - 51/g)?
2
Let q(y) = y**2 + 5*y - 4. Let p be q(-4). What is the units digit of (-1)/(((-2)/102)/(p/(-12)))?
4
Let f(l) = -6*l**2 + l - 3. Let k be f(-6). Let a = k + 454. What is the units digit of a?
9
Let p(x) = x**3 + x**2 - x. Let o be p(0). Suppose 5*a - 7 = 4*y, o = 3*y - 4*a + 6. Suppose 2 = -f - y, f - 2 = -g. What is the units digit of g?
6
Suppose 119 = 2*x - 965. What is the units digit of x?
2
Let m = 22 + -20. Let j(p) = 3*p**2 + 3*p - 5. Let x be j(m). Suppose -a + x = -1. What is the tens digit of a?
1
Suppose 0 = 3*q + 4*o - 493 - 580, 366 = q + 3*o. Let t = -168 + q. What is the tens digit of t?
8
Let d = 34 + -31. Suppose -4*s - d*v = -263, 325 = 4*s + s + 5*v. What is the tens digit of s?
6
Suppose -t = 3*b - 15, 2*b - 11 = -4*t - 1. Let l(s) = 26*s**3 - 2*s**2 + 3*s - 3. Let z be l(2). What is the units digit of z/b - 10/(-25)?
1
Let n = -52 - -57. Let m(t) = 15*t - 19. What is the tens digit of m(n)?
5
Let o be (-2 + 4)*(-3)/(-2). Suppose -o*r = 0, -2*u + 207 = u + 5*r. Let g = -47 + u. What is the tens digit of g?
2
Suppose -4 = 2*w, -4*u + 28*w - 26*w + 14632 = 0. What is the units digit of u?
7
Let x = 172 + -337. Let c = x - -236. What is the tens digit of c?
7
Let i(y) = -16*y + 555. What is the units digit of i(0)?
5
Let t be (-1 - 11) + (-4)/(-2). Let m be ((-28)/t)/((-5)/25). What is the units digit of 84/m*15/(-2)?
5
Let n(d) = -25*d**3. Let b be n(-1). Suppose 2*l + 56 = g, -6 = -l + 3*l. Suppose -5*z = -g - b. What is the units digit of z?
5
Let q = 9 + -4. Suppose -4*d - q*v = -37, 9 = -0*d + d + v. What is the tens digit of (14/(-4))/(d/(-48))?
2
What is the tens digit of ((-15680)/12)/(-4)*189/36?
1
Suppose -49*f + 107643 + 39553 = 0. What is the thousands digit of f?
3
Suppose 2*x - 2*z = 6086, 3*x - 9128 = -3*z + 5*z. What is the units digit of x?
2
Suppose -8 = -o - 5*i + 13, 215 = 5*o + 3*i. What is the tens digit of (2 - o)*(-18)/24?
3
Let u be (-10)/4 - 5/10. What is the tens digit of (-31)/((-2)/(-12)*u)?
6
Let s = -431 + 438. Let t(g) be the third derivative of 5*g**4/24 - 4*g**3 + g**2. What is the units digit of t(s)?
1
Suppose 3*z = 5*n - 8, -2*z - 2*n + 20 = z. Suppose z*l - 4 = -5*h, 4*l + 12 + 0 = -h. Let s(i) = 9*i - 10. What is the tens digit of s(h)?
2
Suppose -r - 2*a = -0*a - 293, 1441 = 5*r - 2*a. Suppose r = 7*m - 138. What is the tens digit of m?
6
Suppose -10*n + 15*n = -20. What is the hundreds digit of -3 + 0 - -166 - n?
1
Let x(p) = p + 84. What is the units digit of x(-8)?
6
Suppose u - 188 - 9 = 0. What is the units digit of u?
7
Let p = 9 + -6. Suppose 3*o = 4*m - p*m + 7, 0 = -2*o + 2*m + 2. Suppose -o*j + 0 = -3. What is the units digit of j?
1
Suppose h - 2640 = -g, 0 = -5*h + 6*g - 4*g + 13221. What is the units digit of h?
3
Let o(y) = 4*y - 4. Let i be o(2). Suppose m + 50 = -m. Let d = i - m. What is the units digit of d?
9
Suppose -2*t + 4 = -4*t. Let i(k) = 17*k**2 + k - 2. What is the tens digit of i(t)?
6
Suppose 0 = f - 5*i - 94, -3*f + i = 4*i - 282. Suppose 92*a - f*a + 100 = 0. What is the 